{"id":294,"date":"2023-05-09T14:58:13","date_gmt":"2023-05-09T11:58:13","guid":{"rendered":"https:\/\/uusi.krookmedia.fi\/uusi_krookmedia_fi\/?page_id=294"},"modified":"2023-11-30T13:32:14","modified_gmt":"2023-11-30T10:32:14","slug":"mediat","status":"publish","type":"page","link":"https:\/\/krookmedia.fi\/index.php\/mediat\/","title":{"rendered":"Mediat"},"content":{"rendered":"\n<p>Printti ei ole todellakaan kuollut. Laadukkaat harrastelehtemme paaluttavat oman alansa t\u00e4rkeimm\u00e4t asiat n\u00e4ytt\u00e4v\u00e4ksi julkaisuksi, joiden lukeminen on todellista laatuaikaa.<\/p>\n\n\n\n<p>Tapahtumissa br\u00e4ndit p\u00e4\u00e4sev\u00e4t suoraan kontaktiin kohderyhmien kanssa. Me tuotamme itse tai valikoidun kumppanin kanssa alamme johtavia tapahtumia, joissa kohtaamiset tuottavat sitoutumisia.<\/p>\n\n\n\n<p>Kohderyhm\u00e4l\u00e4ht\u00f6inen markkinointi ei ole aina se helpoin markkinoinnin laji. Autamme asiakkaitamme l\u00f6yt\u00e4m\u00e4\u00e4n oikeat tulokulmat ja kanavat. Toteutamme tarvittaessa my\u00f6s erilaiset mediaratkaisut painot\u00f6ist\u00e4 s\u00e4hk\u00f6isiin kanaviin ja tapahtumiin.<\/p>\n\n\n\n<p>Lehtiemme ymp\u00e4rille rakentuneet harrastesivustot sek\u00e4 sosiaalisen median yhteis\u00f6t pit\u00e4v\u00e4t p\u00f6hin\u00e4\u00e4 yll\u00e4 ja toimivat alan parhaina tiedonl\u00e4htein\u00e4 sek\u00e4 innoituksen ett\u00e4 fiiliksen nostattajana.<\/p>\n\n\n\n<p>Joskus asiakkaalla on tarve kirkastaa viestins\u00e4 sis\u00e4lt\u00f6\u00e4 eri kohderyhmiss\u00e4. Asiantuntijoidemme avustuksella saamme br\u00e4ndien tarinat el\u00e4m\u00e4\u00e4n tuloksellisesti. Kysy lis\u00e4\u00e4 suoraan asiantuntijoiltamme.<\/p>\n","protected":false},"excerpt":{"rendered":"<p>Printti ei ole todellakaan kuollut. Laadukkaat harrastelehtemme paaluttavat oman alansa t\u00e4rkeimm\u00e4t asiat n\u00e4ytt\u00e4v\u00e4ksi julkaisuksi, joiden lukeminen on todellista laatuaikaa.<\/p>\n<p>Tapahtumissa br\u00e4ndit p\u00e4\u00e4sev\u00e4t suoraan kontaktiin kohderyhmien kanssa. Me tuotamme itse tai valikoidun kumppanin kanssa alamme johtavia tapahtumia, joissa kohtaamiset tuottavat sitoutumisia.<\/p>\n","protected":false},"author":1,"featured_media":0,"parent":0,"menu_order":0,"comment_status":"closed","ping_status":"closed","template":"","meta":{"footnotes":""},"class_list":["post-294","page","type-page","status-publish","hentry"],"blocksy_meta":[],"yoast_head":"<!-- This site is optimized with the Yoast SEO plugin v26.0 - https:\/\/yoast.com\/wordpress\/plugins\/seo\/ -->\n<title>Mediat - Krookmedia - Aktivoi tarinasi<\/title>\n<meta name=\"description\" content=\"Printti ei ole todellakaan kuollut. Laadukkaat harrastelehtemme paaluttavat oman alansa t\u00e4rkeimm\u00e4t asiat n\u00e4ytt\u00e4v\u00e4ksi julkaisuksi, joiden lukeminen on todellista laatuaikaa.Tapahtumissa br\u00e4ndit p\u00e4\u00e4sev\u00e4t suoraan kontaktiin kohderyhmien kanssa. Me tuotamme itse tai valikoidun kumppanin kanssa alamme johtavia tapahtumia, joissa kohtaamiset tuottavat sitoutumisia.\" \/>\n<meta name=\"robots\" content=\"index, follow, max-snippet:-1, max-image-preview:large, max-video-preview:-1\" \/>\n<link rel=\"canonical\" href=\"https:\/\/krookmedia.fi\/index.php\/mediat\/\" \/>\n<meta property=\"og:locale\" content=\"fi_FI\" \/>\n<meta property=\"og:type\" content=\"article\" \/>\n<meta property=\"og:title\" content=\"Mediat - Krookmedia - Aktivoi tarinasi\" \/>\n<meta property=\"og:description\" content=\"Printti ei ole todellakaan kuollut. Laadukkaat harrastelehtemme paaluttavat oman alansa t\u00e4rkeimm\u00e4t asiat n\u00e4ytt\u00e4v\u00e4ksi julkaisuksi, joiden lukeminen on todellista laatuaikaa.Tapahtumissa br\u00e4ndit p\u00e4\u00e4sev\u00e4t suoraan kontaktiin kohderyhmien kanssa. Me tuotamme itse tai valikoidun kumppanin kanssa alamme johtavia tapahtumia, joissa kohtaamiset tuottavat sitoutumisia.\" \/>\n<meta property=\"og:url\" content=\"https:\/\/krookmedia.fi\/index.php\/mediat\/\" \/>\n<meta property=\"og:site_name\" content=\"Krookmedia - Aktivoi tarinasi\" \/>\n<meta property=\"article:modified_time\" content=\"2023-11-30T10:32:14+00:00\" \/>\n<meta name=\"twitter:card\" content=\"summary_large_image\" \/>\n<meta name=\"twitter:label1\" content=\"Arvioitu lukuaika\" \/>\n\t<meta name=\"twitter:data1\" content=\"1 minuutti\" \/>\n<script type=\"application\/ld+json\" class=\"yoast-schema-graph\">{\"@context\":\"https:\/\/schema.org\",\"@graph\":[{\"@type\":\"WebPage\",\"@id\":\"https:\/\/krookmedia.fi\/index.php\/mediat\/\",\"url\":\"https:\/\/krookmedia.fi\/index.php\/mediat\/\",\"name\":\"Mediat - Krookmedia - Aktivoi tarinasi\",\"isPartOf\":{\"@id\":\"https:\/\/krookmedia.fi\/#website\"},\"datePublished\":\"2023-05-09T11:58:13+00:00\",\"dateModified\":\"2023-11-30T10:32:14+00:00\",\"description\":\"Printti ei ole todellakaan kuollut. Laadukkaat harrastelehtemme paaluttavat oman alansa t\u00e4rkeimm\u00e4t asiat n\u00e4ytt\u00e4v\u00e4ksi julkaisuksi, joiden lukeminen on todellista laatuaikaa.Tapahtumissa br\u00e4ndit p\u00e4\u00e4sev\u00e4t suoraan kontaktiin kohderyhmien kanssa. Me tuotamme itse tai valikoidun kumppanin kanssa alamme johtavia tapahtumia, joissa kohtaamiset tuottavat sitoutumisia.\",\"breadcrumb\":{\"@id\":\"https:\/\/krookmedia.fi\/index.php\/mediat\/#breadcrumb\"},\"inLanguage\":\"fi\",\"potentialAction\":[{\"@type\":\"ReadAction\",\"target\":[\"https:\/\/krookmedia.fi\/index.php\/mediat\/\"]}]},{\"@type\":\"BreadcrumbList\",\"@id\":\"https:\/\/krookmedia.fi\/index.php\/mediat\/#breadcrumb\",\"itemListElement\":[{\"@type\":\"ListItem\",\"position\":1,\"name\":\"Etusivu\",\"item\":\"https:\/\/krookmedia.fi\/\"},{\"@type\":\"ListItem\",\"position\":2,\"name\":\"Mediat\"}]},{\"@type\":\"WebSite\",\"@id\":\"https:\/\/krookmedia.fi\/#website\",\"url\":\"https:\/\/krookmedia.fi\/\",\"name\":\"Krookmedia - Aktivoi tarinasi\",\"description\":\"Kotimainen harrasteiden mediatalo\",\"publisher\":{\"@id\":\"https:\/\/krookmedia.fi\/#organization\"},\"alternateName\":\"Krook-Media\",\"potentialAction\":[{\"@type\":\"SearchAction\",\"target\":{\"@type\":\"EntryPoint\",\"urlTemplate\":\"https:\/\/krookmedia.fi\/?s={search_term_string}\"},\"query-input\":{\"@type\":\"PropertyValueSpecification\",\"valueRequired\":true,\"valueName\":\"search_term_string\"}}],\"inLanguage\":\"fi\"},{\"@type\":\"Organization\",\"@id\":\"https:\/\/krookmedia.fi\/#organization\",\"name\":\"Krook-Media Oy\",\"alternateName\":\"Krook Media\",\"url\":\"https:\/\/krookmedia.fi\/\",\"logo\":{\"@type\":\"ImageObject\",\"inLanguage\":\"fi\",\"@id\":\"https:\/\/krookmedia.fi\/#\/schema\/logo\/image\/\",\"url\":\"https:\/\/krookmedia.fi\/wp-content\/uploads\/2022\/09\/krookmedia-logo-txt.png\",\"contentUrl\":\"https:\/\/krookmedia.fi\/wp-content\/uploads\/2022\/09\/krookmedia-logo-txt.png\",\"width\":600,\"height\":155,\"caption\":\"Krook-Media Oy\"},\"image\":{\"@id\":\"https:\/\/krookmedia.fi\/#\/schema\/logo\/image\/\"}}]}<\/script>\n<!-- \/ Yoast SEO plugin. -->","yoast_head_json":{"title":"Mediat - Krookmedia - Aktivoi tarinasi","description":"Printti ei ole todellakaan kuollut. Laadukkaat harrastelehtemme paaluttavat oman alansa t\u00e4rkeimm\u00e4t asiat n\u00e4ytt\u00e4v\u00e4ksi julkaisuksi, joiden lukeminen on todellista laatuaikaa.Tapahtumissa br\u00e4ndit p\u00e4\u00e4sev\u00e4t suoraan kontaktiin kohderyhmien kanssa. Me tuotamme itse tai valikoidun kumppanin kanssa alamme johtavia tapahtumia, joissa kohtaamiset tuottavat sitoutumisia.","robots":{"index":"index","follow":"follow","max-snippet":"max-snippet:-1","max-image-preview":"max-image-preview:large","max-video-preview":"max-video-preview:-1"},"canonical":"https:\/\/krookmedia.fi\/index.php\/mediat\/","og_locale":"fi_FI","og_type":"article","og_title":"Mediat - Krookmedia - Aktivoi tarinasi","og_description":"Printti ei ole todellakaan kuollut. Laadukkaat harrastelehtemme paaluttavat oman alansa t\u00e4rkeimm\u00e4t asiat n\u00e4ytt\u00e4v\u00e4ksi julkaisuksi, joiden lukeminen on todellista laatuaikaa.Tapahtumissa br\u00e4ndit p\u00e4\u00e4sev\u00e4t suoraan kontaktiin kohderyhmien kanssa. Me tuotamme itse tai valikoidun kumppanin kanssa alamme johtavia tapahtumia, joissa kohtaamiset tuottavat sitoutumisia.","og_url":"https:\/\/krookmedia.fi\/index.php\/mediat\/","og_site_name":"Krookmedia - Aktivoi tarinasi","article_modified_time":"2023-11-30T10:32:14+00:00","twitter_card":"summary_large_image","twitter_misc":{"Arvioitu lukuaika":"1 minuutti"},"schema":{"@context":"https:\/\/schema.org","@graph":[{"@type":"WebPage","@id":"https:\/\/krookmedia.fi\/index.php\/mediat\/","url":"https:\/\/krookmedia.fi\/index.php\/mediat\/","name":"Mediat - Krookmedia - Aktivoi tarinasi","isPartOf":{"@id":"https:\/\/krookmedia.fi\/#website"},"datePublished":"2023-05-09T11:58:13+00:00","dateModified":"2023-11-30T10:32:14+00:00","description":"Printti ei ole todellakaan kuollut. Laadukkaat harrastelehtemme paaluttavat oman alansa t\u00e4rkeimm\u00e4t asiat n\u00e4ytt\u00e4v\u00e4ksi julkaisuksi, joiden lukeminen on todellista laatuaikaa.Tapahtumissa br\u00e4ndit p\u00e4\u00e4sev\u00e4t suoraan kontaktiin kohderyhmien kanssa. Me tuotamme itse tai valikoidun kumppanin kanssa alamme johtavia tapahtumia, joissa kohtaamiset tuottavat sitoutumisia.","breadcrumb":{"@id":"https:\/\/krookmedia.fi\/index.php\/mediat\/#breadcrumb"},"inLanguage":"fi","potentialAction":[{"@type":"ReadAction","target":["https:\/\/krookmedia.fi\/index.php\/mediat\/"]}]},{"@type":"BreadcrumbList","@id":"https:\/\/krookmedia.fi\/index.php\/mediat\/#breadcrumb","itemListElement":[{"@type":"ListItem","position":1,"name":"Etusivu","item":"https:\/\/krookmedia.fi\/"},{"@type":"ListItem","position":2,"name":"Mediat"}]},{"@type":"WebSite","@id":"https:\/\/krookmedia.fi\/#website","url":"https:\/\/krookmedia.fi\/","name":"Krookmedia - Aktivoi tarinasi","description":"Kotimainen harrasteiden mediatalo","publisher":{"@id":"https:\/\/krookmedia.fi\/#organization"},"alternateName":"Krook-Media","potentialAction":[{"@type":"SearchAction","target":{"@type":"EntryPoint","urlTemplate":"https:\/\/krookmedia.fi\/?s={search_term_string}"},"query-input":{"@type":"PropertyValueSpecification","valueRequired":true,"valueName":"search_term_string"}}],"inLanguage":"fi"},{"@type":"Organization","@id":"https:\/\/krookmedia.fi\/#organization","name":"Krook-Media Oy","alternateName":"Krook Media","url":"https:\/\/krookmedia.fi\/","logo":{"@type":"ImageObject","inLanguage":"fi","@id":"https:\/\/krookmedia.fi\/#\/schema\/logo\/image\/","url":"https:\/\/krookmedia.fi\/wp-content\/uploads\/2022\/09\/krookmedia-logo-txt.png","contentUrl":"https:\/\/krookmedia.fi\/wp-content\/uploads\/2022\/09\/krookmedia-logo-txt.png","width":600,"height":155,"caption":"Krook-Media Oy"},"image":{"@id":"https:\/\/krookmedia.fi\/#\/schema\/logo\/image\/"}}]}},"_links":{"self":[{"href":"https:\/\/krookmedia.fi\/index.php\/wp-json\/wp\/v2\/pages\/294","targetHints":{"allow":["GET"]}}],"collection":[{"href":"https:\/\/krookmedia.fi\/index.php\/wp-json\/wp\/v2\/pages"}],"about":[{"href":"https:\/\/krookmedia.fi\/index.php\/wp-json\/wp\/v2\/types\/page"}],"author":[{"embeddable":true,"href":"https:\/\/krookmedia.fi\/index.php\/wp-json\/wp\/v2\/users\/1"}],"replies":[{"embeddable":true,"href":"https:\/\/krookmedia.fi\/index.php\/wp-json\/wp\/v2\/comments?post=294"}],"version-history":[{"count":5,"href":"https:\/\/krookmedia.fi\/index.php\/wp-json\/wp\/v2\/pages\/294\/revisions"}],"predecessor-version":[{"id":348,"href":"https:\/\/krookmedia.fi\/index.php\/wp-json\/wp\/v2\/pages\/294\/revisions\/348"}],"wp:attachment":[{"href":"https:\/\/krookmedia.fi\/index.php\/wp-json\/wp\/v2\/media?parent=294"}],"curies":[{"name":"wp","href":"https:\/\/api.w.org\/{rel}","templated":true}]}}