{"id":92,"date":"2023-03-02T11:00:37","date_gmt":"2023-03-02T08:00:37","guid":{"rendered":"https:\/\/uusi.krookmedia.fi\/uusi_krookmedia_fi\/?page_id=92"},"modified":"2025-10-24T09:52:51","modified_gmt":"2025-10-24T06:52:51","slug":"kalastus","status":"publish","type":"page","link":"https:\/\/krookmedia.fi\/index.php\/kalastus\/","title":{"rendered":"Kalastus-lehti"},"content":{"rendered":"\n<p><strong>KATSO MEDIATIEDOT <a href=\"https:\/\/kalastuslehti.fi\/mediatiedot\/\" target=\"_blank\" rel=\"noreferrer noopener\">T\u00c4\u00c4LT\u00c4<\/a><\/strong><\/p>\n\n\n\n<p>Suomessa kaikilla on suhde kalastukseen, sill\u00e4 se on maamme suosituimpia vapaa-ajan harrastuksia. Kalastusta sanoo Luonnonvarakeskuksen tutkimuksen mukaan harrastavansa l\u00e4hes 1,8 miljoonaa ihmist\u00e4. Kalastus on monelle t\u00e4rke\u00e4 tapa rentoutua ja viett\u00e4\u00e4 laatuaikaa yst\u00e4vien kanssa. Kalastus tarjoaa paljon j\u00e4nnitt\u00e4vi\u00e4 hetki\u00e4 t\u00e4rpin odottelusta upeisiin luontokokemuksiin. Me kerromme juuri n\u00e4ist\u00e4 hetkist\u00e4, jotka piirtyv\u00e4t verkkokalvoille ja aivojen syvimpiin sopukoihin.<\/p>\n\n\n\n<p>Krook Media Housen omat kalastusmediat ovat Kalastus-lehti sek\u00f6 verkkosivusto&nbsp;<a href=\"https:\/\/kalastuslehti.fi\/\" target=\"_blank\" rel=\"noreferrer noopener\">Kalastuslehti.fi.<\/a> Oma sosiaalisen median verkostomme on yli 10 000 henkil\u00f6n laajuinen. Kauttamme tavoitetaan koko kalastava kansa vauvasta vaariin.<\/p>\n\n\n\n<p>Voit lukea digitaalista n\u00e4k\u00f6islehte\u00e4 <a href=\"https:\/\/www.lehtiluukku.fi\/lehdet\/kalastuslehti\/\" target=\"_blank\" rel=\"noreferrer noopener\">T\u00c4\u00c4LT\u00c4<\/a><\/p>\n\n\n\n<h2 class=\"wp-block-heading\">Kalastus-lehti<\/h2>\n\n\n\n<p><strong>KALASTUS-lehti<\/strong> perustettiin vuonna 2004 innokkaiden kalastuksen harrastajien toimesta, joiden mielest\u00e4 Suomen kalastusmediaymp\u00e4rist\u00f6 kaipasi uutta n\u00e4k\u00f6kulmaa kalastukseen.<\/p>\n\n\n\n<p>Lehden tuore ja uudenlainen ote takasi heti alkumetreilt\u00e4 huiman suosion sek\u00e4 nosti lehden puheenaiheeksi. Mik\u00e4 parasta, lehti on t\u00e4n\u00e4kin p\u00e4iv\u00e4n\u00e4 entist\u00e4 odotetumpi lukupaketti tuhansille kalastuksen harrastajille kautta Suomen. <\/p>\n\n\n\n<p><strong>KALASTUS-lehdess\u00e4 <\/strong>kirjoittavat maamme eturivin kalamiehet kuten Ari Paataja, Niko Satto, Kari Lossi, Aki Janatuinen, Peter Lahti, Mikael Sarelin, Ari Laine ja Janne Koivisto. Lis\u00e4ksi pohjoismaisessa yhteisty\u00f6verkostossamme ovat edustettuina mm. Tanskan suurin kalastuslehti <a href=\"https:\/\/fiskogfri.dk\/\" target=\"_blank\" rel=\"noreferrer noopener\">Fisk&amp;Fri <\/a>ja Ruotsissa teemme&nbsp;&nbsp;yhteisty\u00f6t\u00e4 Fiske-Feberin entisen p\u00e4\u00e4toimittajan J\u00f6rgen Larssonin kanssa.<\/p>\n\n\n\n<p>K\u00e4sittelemme aiheita eri kalalajien pyyt\u00e4misest\u00e4 ruokavinkkien ja veneiden kautta kalastuksen eettisiin kysymyksiin sek\u00e4 vesist\u00f6jen suojeluun. Lehti on saanut paljon tunnustusta ekologisen kalastuksen puolestapuhujana ja on palkittu muun muassa <a href=\"https:\/\/www.suomenhaukiseura.fi\/\" target=\"_blank\" rel=\"noreferrer noopener\">Suomen Haukiseuran <\/a>Vuoden Haukiteko -palkinnolla jutuistamme hauen vapautuskulttuurin puolesta jo vuonna 2005.<\/p>\n\n\n\n<p>Edell\u00e4k\u00e4vij\u00e4n maine velvoittaa meit\u00e4 olemaan aina askeleen edell\u00e4 ja luomaan puheenaiheita kalastusta harrastavien ihmisten keskuuteen, t\u00e4st\u00e4 esimerkkin\u00e4 Jasper P\u00e4\u00e4kk\u00f6sen hankkeiden m\u00e4\u00e4r\u00e4tietoinen tukeminen.<\/p>\n\n\n\n<p><strong>KALASTUS-lehti<\/strong> painetaan korkealuokkaiselle ja paksulle paperille. Muhkea 30 000 kappaleen painos jaetaan lukijoille 200 jakelupisteen kautta ymp\u00e4ri Suomen. Lehte\u00e4 on my\u00f6s mahdollisuus tilata halutessaan kotiinkannettuna. Tilaajakanta on py\u00f6rinyt v\u00e4h\u00e4n yli tuhannessa tilaajassa, mik\u00e4 on huomattava luku ilmaisjakelulehdelle.<\/p>\n\n\n\n<p><strong>KALASTUS-lehden<\/strong> kautta tavoitetaan keskim\u00e4\u00e4rin 100 000&nbsp;&nbsp;kalastuksen harrastajaa ja reippaasta ulkoel\u00e4m\u00e4st\u00e4 pit\u00e4v\u00e4\u00e4 noin 18-35-vuotiasta p\u00e4\u00e4osin miespuolista lukijaa.<\/p>\n\n\n\n<p><strong>KALASTUS-lehti <\/strong>on oiva media tuoda tuotteita ja palveluita n\u00e4kyville uskottavassa&nbsp;&nbsp;n\u00e4ytt\u00e4v\u00e4ss\u00e4 lehdess\u00e4. Lehden sanalla on painoarvoa ja sit\u00e4 luetaan aina yht\u00e4 intohimoisesti.<\/p>\n\n\n\n<p><strong>Ensisijainen kohderyhm\u00e4:<\/strong> Kalastuksesta ja outdoor-el\u00e4m\u00e4ntavasta kiinnostuneet ostovoimaiset 25-45-vuotiaat<\/p>\n\n\n\n<p><strong>Toissijainen kohderyhm\u00e4:<\/strong>&nbsp;Kalastusta harrastavat nuoret ja el\u00e4kel\u00e4iset<\/p>\n\n\n\n<p><strong>Painos&nbsp;<\/strong>30.000 kpl. (Er\u00e4messu-numero 35.000 kpl)<\/p>\n\n\n\n<p>Katso jakelupisteet&nbsp;<a href=\"https:\/\/kalamies.com\/kalastus-digilehti\/jakelupaikat\/\" target=\"_blank\" rel=\"noreferrer noopener\">T\u00c4\u00c4LT\u00c4<\/a><\/p>\n\n\n\n<h2 class=\"wp-block-heading\">Ilmoitusmyynti<\/h2>\n\n\n\n<p><strong>Jerker Krook<\/strong><br>jerker.krook@krookmedia.fi<br>puh. +358 40 566 3035<\/p>\n\n\n\n<p><strong>Antti Zetterberg<\/strong><br>antti.zetterberg@krookmedia.fi<br>puh. +358 50 569 5725<\/p>\n\n\n\n<p>Tarkemmat tiedot ja kauden julkaisuaikataulun l\u00f6yd\u00e4t <a href=\"https:\/\/kalamies.com\/mediatiedot\/\" target=\"_blank\" rel=\"noreferrer noopener\">T\u00c4\u00c4LT\u00c4<\/a><\/p>\n\n\n\n<h2 class=\"wp-block-heading\">Lehden tekniset tiedot<\/h2>\n\n\n\n<p>Koko: 210 x 280 mm (+3mm leikkuuvara)<br>Aineistomuoto: PDF<\/p>\n\n\n\n<p>Katso tekniset tiedot tarkemmin <a href=\"https:\/\/uusi.krookmedia.fi\/uusi_krookmedia_fi\/index.php\/aineisto-ohjeet\/\" target=\"_blank\" rel=\"noreferrer noopener\">T\u00c4\u00c4LT\u00c4<\/a><\/p>\n\n\n\n<h2 class=\"wp-block-heading\">Toimitus<\/h2>\n\n\n\n<p>Antti Zetterberg, p\u00e4\u00e4toimittaja<br>Ari Paataja<br>Mikael Sarelin<br>Niko Satto<\/p>\n\n\n\n<h2 class=\"wp-block-heading\">Kalastus-lehden tilaus<\/h2>\n\n\n\n<p>22\u20ac \/ 4 numeroa (Kestotilaus). Mailitse osoitteesta:<a href=\"mailto:asiakaspalvelu@jaicom.com\" target=\"_blank\" rel=\"noreferrer noopener\"> tilaajapalvelu@atex.com<\/a><\/p>\n\n\n\n<h2 class=\"wp-block-heading\"><strong>Kalastukseen liittyvi\u00e4 avainlukuja<\/strong><\/h2>\n\n\n\n<ul class=\"wp-block-list\">\n<li>1,8 miljoonaa harrastajaa, 82 000 todellista&nbsp; fanaatikkoa, 218 000 aktiivikalastajaa,&nbsp;loput m\u00f6kki- tai satunnaiskalastajia<\/li>\n\n\n\n<li>35% naisia, 25% alle 18 v, 11 % yli 64 v<\/li>\n\n\n\n<li>918 000 vapakalastajaa, 114 000 verkko- ja katiskakalastajaa, 741 000 \u201dsekakalastajaa\u201d, 231 000 soutajaa<br><em>(L\u00e4hde: Ilkka M\u00e4kel\u00e4, RKTL 2010)<\/em><\/li>\n<\/ul>\n\n\n\n<figure class=\"wp-block-image aligncenter size-large is-resized\"><img loading=\"lazy\" decoding=\"async\" width=\"1125\" height=\"1500\" src=\"https:\/\/krookmedia.fi\/wp-content\/uploads\/2025\/01\/kalastus_2_24_kansi-1125x1500.jpg\" alt=\"\" class=\"wp-image-522\" style=\"width:640px;height:auto\" srcset=\"https:\/\/krookmedia.fi\/wp-content\/uploads\/2025\/01\/kalastus_2_24_kansi-1125x1500.jpg 1125w, https:\/\/krookmedia.fi\/wp-content\/uploads\/2025\/01\/kalastus_2_24_kansi-600x800.jpg 600w, https:\/\/krookmedia.fi\/wp-content\/uploads\/2025\/01\/kalastus_2_24_kansi-150x200.jpg 150w, https:\/\/krookmedia.fi\/wp-content\/uploads\/2025\/01\/kalastus_2_24_kansi-768x1024.jpg 768w, https:\/\/krookmedia.fi\/wp-content\/uploads\/2025\/01\/kalastus_2_24_kansi-1152x1536.jpg 1152w, https:\/\/krookmedia.fi\/wp-content\/uploads\/2025\/01\/kalastus_2_24_kansi.jpg 1240w\" sizes=\"auto, (max-width: 1125px) 100vw, 1125px\" \/><\/figure>\n","protected":false},"excerpt":{"rendered":"<p>Suomessa kaikilla on suhde kalastukseen, sill\u00e4 se on maamme suosituimpia vapaa-ajan harrastuksia. Kalastusta sanoo Luonnonvarakeskuksen tutkimuksen mukaan harrastavansa l\u00e4hes 1,8 miljoonaa ihmist\u00e4. Kalastus on monelle t\u00e4rke\u00e4 tapa rentoutua ja viett\u00e4\u00e4 laatuaikaa yst\u00e4vien kanssa. Kalastus tarjoaa paljon j\u00e4nnitt\u00e4vi\u00e4 hetki\u00e4 t\u00e4rpin odottelusta upeisiin luontokokemuksiin. Me kerromme juuri n\u00e4ist\u00e4 hetkist\u00e4, jotka piirtyv\u00e4t verkkokalvoille ja aivojen syvimpiin sopukoihin.<\/p>\n","protected":false},"author":1,"featured_media":180,"parent":0,"menu_order":0,"comment_status":"closed","ping_status":"closed","template":"","meta":{"footnotes":""},"class_list":["post-92","page","type-page","status-publish","has-post-thumbnail","hentry"],"blocksy_meta":[],"yoast_head":"<!-- This site is optimized with the Yoast SEO plugin v26.0 - https:\/\/yoast.com\/wordpress\/plugins\/seo\/ -->\n<title>Kalastus-lehti - Krookmedia - Aktivoi tarinasi<\/title>\n<meta name=\"description\" content=\"Krook Media Housen omat kalastusmediat ovat Kalastus-lehti sek\u00e4 www.kalastuslehti.fi. Sosiaalisen median verkostomme on yli 10 000 henkil\u00f6n laajuinen. Kauttamme tavoitetaan koko kalastava kansa vauvasta vaariin.\" \/>\n<meta name=\"robots\" content=\"index, follow, max-snippet:-1, max-image-preview:large, max-video-preview:-1\" \/>\n<link rel=\"canonical\" href=\"https:\/\/krookmedia.fi\/index.php\/kalastus\/\" \/>\n<meta property=\"og:locale\" content=\"fi_FI\" \/>\n<meta property=\"og:type\" content=\"article\" \/>\n<meta property=\"og:title\" content=\"Kalastus-lehti - Krookmedia - Aktivoi tarinasi\" \/>\n<meta property=\"og:description\" content=\"Krook Media Housen omat kalastusmediat ovat Kalastus-lehti sek\u00e4 www.kalastuslehti.fi. Sosiaalisen median verkostomme on yli 10 000 henkil\u00f6n laajuinen. Kauttamme tavoitetaan koko kalastava kansa vauvasta vaariin.\" \/>\n<meta property=\"og:url\" content=\"https:\/\/krookmedia.fi\/index.php\/kalastus\/\" \/>\n<meta property=\"og:site_name\" content=\"Krookmedia - Aktivoi tarinasi\" \/>\n<meta property=\"article:modified_time\" content=\"2025-10-24T06:52:51+00:00\" \/>\n<meta property=\"og:image\" content=\"https:\/\/krookmedia.fi\/wp-content\/uploads\/2023\/03\/kalastus_feature.jpg\" \/>\n\t<meta property=\"og:image:width\" content=\"1500\" \/>\n\t<meta property=\"og:image:height\" content=\"807\" \/>\n\t<meta property=\"og:image:type\" content=\"image\/jpeg\" \/>\n<meta name=\"twitter:card\" content=\"summary_large_image\" \/>\n<meta name=\"twitter:label1\" content=\"Arvioitu lukuaika\" \/>\n\t<meta name=\"twitter:data1\" content=\"4 minuuttia\" \/>\n<script type=\"application\/ld+json\" class=\"yoast-schema-graph\">{\"@context\":\"https:\/\/schema.org\",\"@graph\":[{\"@type\":\"WebPage\",\"@id\":\"https:\/\/krookmedia.fi\/index.php\/kalastus\/\",\"url\":\"https:\/\/krookmedia.fi\/index.php\/kalastus\/\",\"name\":\"Kalastus-lehti - Krookmedia - Aktivoi tarinasi\",\"isPartOf\":{\"@id\":\"https:\/\/krookmedia.fi\/#website\"},\"primaryImageOfPage\":{\"@id\":\"https:\/\/krookmedia.fi\/index.php\/kalastus\/#primaryimage\"},\"image\":{\"@id\":\"https:\/\/krookmedia.fi\/index.php\/kalastus\/#primaryimage\"},\"thumbnailUrl\":\"https:\/\/krookmedia.fi\/wp-content\/uploads\/2023\/03\/kalastus_feature.jpg\",\"datePublished\":\"2023-03-02T08:00:37+00:00\",\"dateModified\":\"2025-10-24T06:52:51+00:00\",\"description\":\"Krook Media Housen omat kalastusmediat ovat Kalastus-lehti sek\u00e4 www.kalastuslehti.fi. Sosiaalisen median verkostomme on yli 10 000 henkil\u00f6n laajuinen. Kauttamme tavoitetaan koko kalastava kansa vauvasta vaariin.\",\"breadcrumb\":{\"@id\":\"https:\/\/krookmedia.fi\/index.php\/kalastus\/#breadcrumb\"},\"inLanguage\":\"fi\",\"potentialAction\":[{\"@type\":\"ReadAction\",\"target\":[\"https:\/\/krookmedia.fi\/index.php\/kalastus\/\"]}]},{\"@type\":\"ImageObject\",\"inLanguage\":\"fi\",\"@id\":\"https:\/\/krookmedia.fi\/index.php\/kalastus\/#primaryimage\",\"url\":\"https:\/\/krookmedia.fi\/wp-content\/uploads\/2023\/03\/kalastus_feature.jpg\",\"contentUrl\":\"https:\/\/krookmedia.fi\/wp-content\/uploads\/2023\/03\/kalastus_feature.jpg\",\"width\":1500,\"height\":807},{\"@type\":\"BreadcrumbList\",\"@id\":\"https:\/\/krookmedia.fi\/index.php\/kalastus\/#breadcrumb\",\"itemListElement\":[{\"@type\":\"ListItem\",\"position\":1,\"name\":\"Etusivu\",\"item\":\"https:\/\/krookmedia.fi\/\"},{\"@type\":\"ListItem\",\"position\":2,\"name\":\"Kalastus-lehti\"}]},{\"@type\":\"WebSite\",\"@id\":\"https:\/\/krookmedia.fi\/#website\",\"url\":\"https:\/\/krookmedia.fi\/\",\"name\":\"Krookmedia - Aktivoi tarinasi\",\"description\":\"Kotimainen harrasteiden mediatalo\",\"publisher\":{\"@id\":\"https:\/\/krookmedia.fi\/#organization\"},\"alternateName\":\"Krook-Media\",\"potentialAction\":[{\"@type\":\"SearchAction\",\"target\":{\"@type\":\"EntryPoint\",\"urlTemplate\":\"https:\/\/krookmedia.fi\/?s={search_term_string}\"},\"query-input\":{\"@type\":\"PropertyValueSpecification\",\"valueRequired\":true,\"valueName\":\"search_term_string\"}}],\"inLanguage\":\"fi\"},{\"@type\":\"Organization\",\"@id\":\"https:\/\/krookmedia.fi\/#organization\",\"name\":\"Krook-Media Oy\",\"alternateName\":\"Krook Media\",\"url\":\"https:\/\/krookmedia.fi\/\",\"logo\":{\"@type\":\"ImageObject\",\"inLanguage\":\"fi\",\"@id\":\"https:\/\/krookmedia.fi\/#\/schema\/logo\/image\/\",\"url\":\"https:\/\/krookmedia.fi\/wp-content\/uploads\/2022\/09\/krookmedia-logo-txt.png\",\"contentUrl\":\"https:\/\/krookmedia.fi\/wp-content\/uploads\/2022\/09\/krookmedia-logo-txt.png\",\"width\":600,\"height\":155,\"caption\":\"Krook-Media Oy\"},\"image\":{\"@id\":\"https:\/\/krookmedia.fi\/#\/schema\/logo\/image\/\"}}]}<\/script>\n<!-- \/ Yoast SEO plugin. -->","yoast_head_json":{"title":"Kalastus-lehti - Krookmedia - Aktivoi tarinasi","description":"Krook Media Housen omat kalastusmediat ovat Kalastus-lehti sek\u00e4 www.kalastuslehti.fi. Sosiaalisen median verkostomme on yli 10 000 henkil\u00f6n laajuinen. Kauttamme tavoitetaan koko kalastava kansa vauvasta vaariin.","robots":{"index":"index","follow":"follow","max-snippet":"max-snippet:-1","max-image-preview":"max-image-preview:large","max-video-preview":"max-video-preview:-1"},"canonical":"https:\/\/krookmedia.fi\/index.php\/kalastus\/","og_locale":"fi_FI","og_type":"article","og_title":"Kalastus-lehti - Krookmedia - Aktivoi tarinasi","og_description":"Krook Media Housen omat kalastusmediat ovat Kalastus-lehti sek\u00e4 www.kalastuslehti.fi. Sosiaalisen median verkostomme on yli 10 000 henkil\u00f6n laajuinen. Kauttamme tavoitetaan koko kalastava kansa vauvasta vaariin.","og_url":"https:\/\/krookmedia.fi\/index.php\/kalastus\/","og_site_name":"Krookmedia - Aktivoi tarinasi","article_modified_time":"2025-10-24T06:52:51+00:00","og_image":[{"width":1500,"height":807,"url":"https:\/\/krookmedia.fi\/wp-content\/uploads\/2023\/03\/kalastus_feature.jpg","type":"image\/jpeg"}],"twitter_card":"summary_large_image","twitter_misc":{"Arvioitu lukuaika":"4 minuuttia"},"schema":{"@context":"https:\/\/schema.org","@graph":[{"@type":"WebPage","@id":"https:\/\/krookmedia.fi\/index.php\/kalastus\/","url":"https:\/\/krookmedia.fi\/index.php\/kalastus\/","name":"Kalastus-lehti - Krookmedia - Aktivoi tarinasi","isPartOf":{"@id":"https:\/\/krookmedia.fi\/#website"},"primaryImageOfPage":{"@id":"https:\/\/krookmedia.fi\/index.php\/kalastus\/#primaryimage"},"image":{"@id":"https:\/\/krookmedia.fi\/index.php\/kalastus\/#primaryimage"},"thumbnailUrl":"https:\/\/krookmedia.fi\/wp-content\/uploads\/2023\/03\/kalastus_feature.jpg","datePublished":"2023-03-02T08:00:37+00:00","dateModified":"2025-10-24T06:52:51+00:00","description":"Krook Media Housen omat kalastusmediat ovat Kalastus-lehti sek\u00e4 www.kalastuslehti.fi. Sosiaalisen median verkostomme on yli 10 000 henkil\u00f6n laajuinen. Kauttamme tavoitetaan koko kalastava kansa vauvasta vaariin.","breadcrumb":{"@id":"https:\/\/krookmedia.fi\/index.php\/kalastus\/#breadcrumb"},"inLanguage":"fi","potentialAction":[{"@type":"ReadAction","target":["https:\/\/krookmedia.fi\/index.php\/kalastus\/"]}]},{"@type":"ImageObject","inLanguage":"fi","@id":"https:\/\/krookmedia.fi\/index.php\/kalastus\/#primaryimage","url":"https:\/\/krookmedia.fi\/wp-content\/uploads\/2023\/03\/kalastus_feature.jpg","contentUrl":"https:\/\/krookmedia.fi\/wp-content\/uploads\/2023\/03\/kalastus_feature.jpg","width":1500,"height":807},{"@type":"BreadcrumbList","@id":"https:\/\/krookmedia.fi\/index.php\/kalastus\/#breadcrumb","itemListElement":[{"@type":"ListItem","position":1,"name":"Etusivu","item":"https:\/\/krookmedia.fi\/"},{"@type":"ListItem","position":2,"name":"Kalastus-lehti"}]},{"@type":"WebSite","@id":"https:\/\/krookmedia.fi\/#website","url":"https:\/\/krookmedia.fi\/","name":"Krookmedia - Aktivoi tarinasi","description":"Kotimainen harrasteiden mediatalo","publisher":{"@id":"https:\/\/krookmedia.fi\/#organization"},"alternateName":"Krook-Media","potentialAction":[{"@type":"SearchAction","target":{"@type":"EntryPoint","urlTemplate":"https:\/\/krookmedia.fi\/?s={search_term_string}"},"query-input":{"@type":"PropertyValueSpecification","valueRequired":true,"valueName":"search_term_string"}}],"inLanguage":"fi"},{"@type":"Organization","@id":"https:\/\/krookmedia.fi\/#organization","name":"Krook-Media Oy","alternateName":"Krook Media","url":"https:\/\/krookmedia.fi\/","logo":{"@type":"ImageObject","inLanguage":"fi","@id":"https:\/\/krookmedia.fi\/#\/schema\/logo\/image\/","url":"https:\/\/krookmedia.fi\/wp-content\/uploads\/2022\/09\/krookmedia-logo-txt.png","contentUrl":"https:\/\/krookmedia.fi\/wp-content\/uploads\/2022\/09\/krookmedia-logo-txt.png","width":600,"height":155,"caption":"Krook-Media Oy"},"image":{"@id":"https:\/\/krookmedia.fi\/#\/schema\/logo\/image\/"}}]}},"_links":{"self":[{"href":"https:\/\/krookmedia.fi\/index.php\/wp-json\/wp\/v2\/pages\/92","targetHints":{"allow":["GET"]}}],"collection":[{"href":"https:\/\/krookmedia.fi\/index.php\/wp-json\/wp\/v2\/pages"}],"about":[{"href":"https:\/\/krookmedia.fi\/index.php\/wp-json\/wp\/v2\/types\/page"}],"author":[{"embeddable":true,"href":"https:\/\/krookmedia.fi\/index.php\/wp-json\/wp\/v2\/users\/1"}],"replies":[{"embeddable":true,"href":"https:\/\/krookmedia.fi\/index.php\/wp-json\/wp\/v2\/comments?post=92"}],"version-history":[{"count":17,"href":"https:\/\/krookmedia.fi\/index.php\/wp-json\/wp\/v2\/pages\/92\/revisions"}],"predecessor-version":[{"id":596,"href":"https:\/\/krookmedia.fi\/index.php\/wp-json\/wp\/v2\/pages\/92\/revisions\/596"}],"wp:featuredmedia":[{"embeddable":true,"href":"https:\/\/krookmedia.fi\/index.php\/wp-json\/wp\/v2\/media\/180"}],"wp:attachment":[{"href":"https:\/\/krookmedia.fi\/index.php\/wp-json\/wp\/v2\/media?parent=92"}],"curies":[{"name":"wp","href":"https:\/\/api.w.org\/{rel}","templated":true}]}}